{"id":24,"date":"2019-02-07T18:16:27","date_gmt":"2019-02-07T18:16:27","guid":{"rendered":"http:\/\/geotechnik-henzinger.at\/?page_id=24"},"modified":"2024-02-13T15:22:41","modified_gmt":"2024-02-13T15:22:41","slug":"projekte","status":"publish","type":"page","link":"http:\/\/geotechnik-henzinger.at\/?page_id=24","title":{"rendered":""},"content":{"rendered":"\n<h2>Laborversuche:<\/h2>\n\n\n\n<ul><li>Siebanalysen, Schl\u00e4mmanalysen<\/li><li>Wassergehaltsbestimmungen<\/li><li>Leitf\u00e4higkeitsmessungen<\/li><li>Ermittlung der Wasseraufnahme<\/li><li>Dichtebestimmungen<\/li><li>Konsistenzgrenzen<\/li><li>Proctorversuche<\/li><li>Kompressionsversuche<\/li><li>Direktscherversuche<\/li><\/ul>\n\n\n\n<h2>Feldversuche:<\/h2>\n\n\n\n<ul><li>Rammsondierungen mit der leichten und schweren Rammsonde<\/li><li>Scherfl\u00fcgelversuche<\/li><li>Neigungsmessungen im Gel\u00e4nde (Inklinometermessungen)\u00a0<\/li><li>Lastplattenversuche (statisch &amp; dynamisch)<\/li><li>Pegelmessungen<\/li><li>Versickerungsversuche<\/li><li>Pfahlintegrit\u00e4tspr\u00fcfungen <\/li><li>Ankerpr\u00fcfungen<\/li><\/ul>\n","protected":false},"excerpt":{"rendered":"<p>Laborversuche: Siebanalysen, Schl\u00e4mmanalysen Wassergehaltsbestimmungen Leitf\u00e4higkeitsmessungen Ermittlung der Wasseraufnahme Dichtebestimmungen Konsistenzgrenzen Proctorversuche Kompressionsversuche Direktscherversuche Feldversuche: Rammsondierungen mit der leichten und schweren Rammsonde Scherfl\u00fcgelversuche Neigungsmessungen im Gel\u00e4nde (Inklinometermessungen)\u00a0 Lastplattenversuche (statisch &amp; dynamisch) Pegelmessungen Versickerungsversuche Pfahlintegrit\u00e4tspr\u00fcfungen Ankerpr\u00fcfungen<\/p>\n","protected":false},"author":1,"featured_media":0,"parent":0,"menu_order":0,"comment_status":"closed","ping_status":"closed","template":"","meta":[],"_links":{"self":[{"href":"http:\/\/geotechnik-henzinger.at\/index.php?rest_route=\/wp\/v2\/pages\/24"}],"collection":[{"href":"http:\/\/geotechnik-henzinger.at\/index.php?rest_route=\/wp\/v2\/pages"}],"about":[{"href":"http:\/\/geotechnik-henzinger.at\/index.php?rest_route=\/wp\/v2\/types\/page"}],"author":[{"embeddable":true,"href":"http:\/\/geotechnik-henzinger.at\/index.php?rest_route=\/wp\/v2\/users\/1"}],"replies":[{"embeddable":true,"href":"http:\/\/geotechnik-henzinger.at\/index.php?rest_route=%2Fwp%2Fv2%2Fcomments&post=24"}],"version-history":[{"count":10,"href":"http:\/\/geotechnik-henzinger.at\/index.php?rest_route=\/wp\/v2\/pages\/24\/revisions"}],"predecessor-version":[{"id":521,"href":"http:\/\/geotechnik-henzinger.at\/index.php?rest_route=\/wp\/v2\/pages\/24\/revisions\/521"}],"wp:attachment":[{"href":"http:\/\/geotechnik-henzinger.at\/index.php?rest_route=%2Fwp%2Fv2%2Fmedia&parent=24"}],"curies":[{"name":"wp","href":"https:\/\/api.w.org\/{rel}","templated":true}]}}